List the prime factors of i.
2
Let d be (2 + 0 + -1)*0. Suppose d = 6*p - p - 25. Let j = p + -1. List the prime factors of j.
2
Suppose -3*i + 31 + 107 = 0. Let x = 85 - i. What are the prime factors of (-2)/(-13) + 345/x?
3
Let v = -49 - -741. List the prime factors of v.
2, 173
Suppose 9 = 3*c + 3*z, -2*z + 4*z = 3*c - 14. Let j be -1 + 3 + c - 4. Suppose j*q - 7 = -5*s - 0*q, -16 = 4*q. List the prime factors of s.
3
Suppose 4*t - 4*r = 7936, 0 = -28*t + 26*t + 4*r + 3962. What are the prime factors of t?
1987
Let r = 878 - 342. List the prime factors of r.
2, 67
Let g be 254/(-9) - 4/(-18). Let o be (-10)/(-25)*(-3 - g). Suppose -12*t = -o*t - 94. What are the prime factors of t?
47
List the prime factors of (-16540)/16*(-300)/125.
3, 827
Let l(i) = i**2. Let n(v) = v**2 + 12*v - 6. Suppose -3*t + 8 = t. Let y(q) = t*l(q) - n(q). What are the prime factors of y(12)?
2, 3
Let z(g) = g**2 + 9*g + 3. Let v be 12/9*(-84)/8. What are the prime factors of z(v)?
73
Let k = -56 + 65. Suppose -7*m + k*m - 224 = 0. List the prime factors of m.
2, 7
Let x = 249 - -82. List the prime factors of x.
331
Let p = -3 + -8. Let v = 115 - p. Suppose 3*f - 190 = -2*f - u, 3*f + 3*u = v. What are the prime factors of f?
37
Let i be -4 - (-1 - -4 - 4). Let r be (-16)/(i/18*3). Suppose 0*g - 2*g - 4*m + r = 0, 0 = g - m - 1. List the prime factors of g.
2, 3
Let w(i) = i**2 - 16*i + 9. Let h be w(14). Suppose -3*k + 5*k = 122. Let u = k + h. List the prime factors of u.
2, 3, 7
Let y be (-12)/(-6)*(-2)/(-2 + 3). Let u(n) = n**3 + 8*n**2 + 5*n + 4. What are the prime factors of u(y)?
2, 3
Suppose -5*l + l + 12 = 0. Suppose 3*m - 2*y = -l + 9, -4*y + 12 = 0. Suppose -19 = -3*q + 4*p, 0 = m*q - q + 4*p - 59. What are the prime factors of q?
13
What are the prime factors of (2/12 - 57/18) + 915?
2, 3, 19
What are the prime factors of (-18)/(-10)*(-130)/(-91)*126?
2, 3
Let s be 4/(-26) - 736/(-52). Let n = s + -8. Suppose n = -4*f + 50. What are the prime factors of f?
11
Suppose 216 + 164 = 5*t. List the prime factors of (-6 - (2 - 7)) + t/2.
37
Let x(b) = -87*b + 4. Let m(v) = 261*v - 11. Let n(s) = 6*m(s) + 17*x(s). List the prime factors of n(1).
89
Suppose 2*l - 1330 = -4*k, 0 = 2*k + 2*k + 4*l - 1328. List the prime factors of k.
3, 37
Let d = 6 - -88. Let a = 131 - d. What are the prime factors of a?
37
Let h(y) = y**3 - 21*y**2 + 20*y + 2. Let u be h(20). Suppose u*q = -2 + 18. Suppose -q*x + 170 = -3*x. List the prime factors of x.
2, 17
Suppose -3*c - 2*c - 765 = 0. Let b = c + 248. What are the prime factors of b?
5, 19
Let z = 62 + -67. What are the prime factors of (-5)/((-25)/2)*z - -48?
2, 23
Let z(j) be the second derivative of 11*j**4/12 - j**3/6 + j**2/2 + 21*j. List the prime factors of z(1).
11
Let u be (-1 - 12/(-9))*9. Let i = -1 + u. Suppose -i*g = 0, -4*g + 46 = h + h. List the prime factors of h.
23
Suppose -7 = -z - 5*y + 4, 0 = 3*z + 2*y + 6. Let k = 11 - z. What are the prime factors of k?
3, 5
What are the prime factors of 6/21 + 18/(-14) - -4144?
3, 1381
Let o be 0 + (3 - 24 - -3). What are the prime factors of o + 18 - (-169 - 0)/1?
13
Let o(h) = h**2 + h**3 - 2*h**3 - 184*h - 1 + 177*h. What are the prime factors of o(-3)?
2, 7
Let l = 5 + -9. Let o(f) = -f**2 + 5*f - 3. Let p(i) = -3*i**2 + 10*i - 7. Let m(h) = -5*o(h) + 2*p(h). What are the prime factors of m(l)?
5
Let t be (0 - (-202)/(-4))*-2. Suppose -272 = 4*f + 4*w, 11*f = 12*f - w + 62. Let g = t + f. What are the prime factors of g?
2, 3
Let p be (6/9)/(-2 + 120/63). Let a(b) = -7*b - 17. List the prime factors of a(p).
2
Let q(u) = -u + 4. Let n be q(-7). Let k = n - 3. List the prime factors of 30 + (-4)/8*k.
2, 13
What are the prime factors of 260 + (-4 - (5 + 1))?
2, 5
Let p be ((-4)/3)/(22/231). Let l(y) = -5*y - 5. List the prime factors of l(p).
5, 13
Let s = 14 + -15. Let m(x) = -14*x + 1. Let w be m(s). List the prime factors of w + 4/8*-2.
2, 7
Suppose 0 = -2*u + 2, -y = -2*u - 3*u - 4. What are the prime factors of (42/(-4))/(y/(-132))?
2, 7, 11
What are the prime factors of ((-12180)/(-24) - 4)*(2 + 0)?
19, 53
Suppose 0 = 2*a - 4*z - 12, 3*a - 6 = 3*z - z. Suppose -3*w = a, 2*r + 3*w - 615 = -3*r. Let p = r + -82. What are the prime factors of p?
41
Let j be -3 + (-2 + 2)/(-2). List the prime factors of 1*j + (-273)/(-7).
2, 3
Suppose -o + 0*o = 0. Suppose g - 32 = -g. What are the prime factors of g - 1/(-2)*o?
2
Suppose -i + 261 - 154 = 0. List the prime factors of i.
107
Let w be ((-14)/5)/((-2)/(-10)). Let y(j) be the first derivative of j**3/3 + 11*j**2/2 + 4*j + 64. What are the prime factors of y(w)?
2, 23
Suppose -2*m + 583 = -5*z, z = 5*m - 248 - 1175. List the prime factors of m.
2, 71
What are the prime factors of (163/1)/(-1 - -6 - 4)?
163
Let y = 5292 + -2834. What are the prime factors of y?
2, 1229
Let d(c) = c**3 + 8*c**2 + 8*c + 3. Let t be d(-5). Suppose -w + 5*y + t = 0, 4*w - 4*y - y = 77. Suppose l = 20 + w. List the prime factors of l.
3, 11
Let n(v) = -v**3 - 3*v**2 + v + 2. Let s be (6/(-6))/((-2)/12). Let z be 14/(-4) - 3/s. What are the prime factors of n(z)?
2, 7
Let r be 2*2 - (1 - 11). Let u(b) = 6*b**2 + 74*b - 56. Let t(i) = -i**2 - 15*i + 11. Let o(h) = -11*t(h) - 2*u(h). What are the prime factors of o(r)?
3, 11
Suppose 0 = -3*a - f + 4*f + 24, 0 = a - 3*f - 14. Suppose -a*z + 16 = -6*z. Let t = z + 49. What are the prime factors of t?
3, 11
Suppose p - 8 = -6. Suppose -4*l + 282 = 5*v, -p*v + 4*l - 50 = -3*v. What are the prime factors of v?
2, 29
Suppose 4*l = 4*t + 76, -2*l = -t - 3*t - 46. What are the prime factors of l?
3, 5
List the prime factors of (-40)/15*(-9)/(-6) - -2390.
2, 1193
Let b be 0/(-3)*(-3)/(-6). Suppose -2*v - 20 + b = 0. What are the prime factors of 104/10 + v/25?
2, 5
Suppose 3*v + 48 = c, 55*v - 137 = -4*c + 56*v. Let m(s) = s**3 + 2*s**2 - 5*s - 4. Let t be m(-3). Suppose -f - c = -t*f. List the prime factors of f.
3, 11
Suppose -2*p + 4 = -0*p. Suppose 3*o = -p*o + 25. Suppose i + 29 - 3 = o*c, 4*c = -5*i + 15. List the prime factors of c.
5
Suppose 4*b - 2 = 2*j + 14, -24 = 3*j - 5*b. Let r = j + 11. What are the prime factors of r?
3
Suppose 2*w - 5*f + 136 = -w, w + 52 = 3*f. Let b = w + 147. List the prime factors of b.
2, 5, 11
List the prime factors of (-1118)/((-3)/6*6 + 1).
13, 43
Let t(s) = s**3 + 3*s**2 - 4. Suppose -5*v - 52 = -9*v. Suppose -4*q + 16 = -0*p + 2*p, 3*q - v = -2*p. List the prime factors of t(p).
2
Let p(q) = 565*q + 76. List the prime factors of p(7).
29, 139
List the prime factors of 7/((-35)/15) + -3 + 1672.
2, 7, 17
Suppose 145*m + 20 = 150*m. Suppose -3*l + a + 465 = 0, -m*l + a = -0*a - 620. List the prime factors of l.
5, 31
Let k be 2266/(-12) - (-4)/(-24). What are the prime factors of 1/(-4) - k/4?
47
Suppose 0 = u - 0*u + 5*p - 2439, -4*u + 9738 = 2*p. List the prime factors of u.
2, 1217
Let y = 868 - 404. List the prime factors of y.
2, 29
Suppose 0 = -2*h + 54*h - 104104. List the prime factors of h.
2, 7, 11, 13
Let k = -6 - -11. Let b = k - 3. Suppose a - 13 = b. List the prime factors of a.
3, 5
Suppose -5*f = -22 - 18. Let z = 86 - f. Suppose -4*s + z = -s. List the prime factors of s.
2, 13
Let j = -5 - -13. Suppose -2*b - 2*b - 5*n + 22 = 0, 2*b + n = j. Suppose -b*v + 7*v - 132 = 0. List the prime factors of v.
3, 11
Suppose 0 = 2*a - 2*i - 4, -2*a + 3*i = -i. Let n be a/18 + (-3716)/36. Let m = -72 - n. List the prime factors of m.
31
Suppose -5*g + 20 = -10. Suppose -q = 2*q - 855. List the prime factors of ((-2)/g)/((-5)/q).
19
List the prime factors of 6 + ((-3)/(-4)*-4 - -86).
89
Suppose 2*r + 4*o = 66, 5*r - 7 - 134 = -4*o. Suppose s - r = -3*t, -2*s = -2*t - 0 + 6. What are the prime factors of 2/t - 666/(-21)?
2
Let l be 1 + -2*(-9)/(-6). What are the prime factors of (375/(-6) + 2)*l?
11
Let y(a) = 5 + 20 - 1 + 3 - 2*a. What are the prime factors of y(-5)?
37
Suppose -2*h = -13*h - 462. List the prime factors of (-2)/(8/h)*2.
3, 7
Let o(x) = -x**3 - 13*x**2 - 2*x + 25. What are the prime factors of o(-14)?
3, 83
Suppose -5*c = -4*g - 3631, -23*g + 20 = -28*g. List the prime factors of c.
3, 241
Suppose 9*x = 788 + 1030. List the prime factors of x.
2, 101
Suppose -5*t + 4*u + 16 = 3*u, 2*t = -2*u + 16. Suppose 6 - t = -2*f. List the prime fact